20
Let l(a) = -a**3 + 9*a**2 + 4*a + 8. Determine l(9).
44
Let y(n) = -n**2 - 5*n - 3. Calculate y(-4).
1
Let z(v) = 9*v - 45. Calculate z(6).
9
Let o(g) = -g**2 - 8*g - 16. What is o(-6)?
-4
Let m(x) = -12*x + 103. Determine m(7).
19
Let f(a) = 6*a - 153. Calculate f(22).
-21
Let x(v) = 3*v**2 + 4*v - 3. Give x(1).
4
Let b(j) = -2*j**3 + 8*j**2 - 10*j - 4. Calculate b(2).
-8
Let q(l) = -l**2 - 11*l + 37. What is q(-13)?
11
Let v(m) = m**3 + 14*m**2 + 10. Give v(-14).
10
Let f(p) = p**3 + 2*p**2 + 4*p + 3. What is f(-2)?
-5
Let v(a) = -32*a - 226. Determine v(-7).
-2
Let x(p) = -p**2 + 17*p - 6. Calculate x(17).
-6
Let f(h) = 63*h - 1128. Calculate f(18).
6
Let y(z) = 2*z**2 + z + 1. Determine y(-2).
7
Let v(m) = 6*m**2 - 42*m - 4. Give v(7).
-4
Let q(j) = -7*j**2 + 3*j - 4. What is q(1)?
-8
Let b(s) = s**3 + 8*s**2 + 12*s + 31. Give b(-7).
-4
Let r(t) = -t**3 + 9*t**2 + 13*t - 17. Give r(10).
13
Let d(u) = -17*u + 14. Determine d(0).
14
Let j(c) = -11*c + 13. What is j(-5)?
68
Let v(q) = q + 5. What is v(6)?
11
Let j(v) = 7*v**2 - v + 1. Calculate j(1).
7
Let t(z) = z - 17. Give t(-11).
-28
Let j(t) = t + 3. What is j(3)?
6
Let j(c) = c - 17. Give j(-14).
-31
Let f(h) = -3*h**3 + 49*h**2 - 14*h - 38. Calculate f(16).
-6
Let m(i) = i**2 + 7*i + 21. What is m(-11)?
65
Let z(h) = -2*h**3 - 12*h**2 - 15*h + 5. Give z(-7).
208
Let z(b) = -14*b + 248. Give z(18).
-4
Let k(x) = 8*x + 75. What is k(-3)?
51
Let h(d) = 77*d - 1083. What is h(14)?
-5
Let w(v) = v + 1. Determine w(2).
3
Let o(p) = p**2 - 16*p + 5. Calculate o(15).
-10
Let f(h) = -28*h + 186. Give f(7).
-10
Let s(i) = 3*i**2 - 17*i + 63. Give s(5).
53
Let l(q) = 16*q + 18. Calculate l(3).
66
Let m(q) = 8*q**2 + 11*q + 2. What is m(-3)?
41
Let s(z) = -4*z + 17. What is s(6)?
-7
Let c(y) = -y**2 + 15*y - 51. Give c(9).
3
Let j(x) = -7*x + 23. Give j(5).
-12
Let i(o) = -6*o + 24. Determine i(13).
-54
Let u(m) = -2*m**2 + 24*m - 34. What is u(10)?
6
Let i(q) = -9*q - 4. Give i(1).
-13
Let u(v) = -v**3 + 13*v**2 - 25*v - 2. Give u(11).
-35
Let n(g) = 27*g + 6. Determine n(-1).
-21
Let t(f) = 2*f**2 + 30*f - 13. Determine t(-16).
19
Let c(o) = o**3 - 13*o**2 + 2*o - 29. Determine c(13).
-3
Let o(k) = -k + 5. Give o(-8).
13
Let m(z) = -z**3 + 9*z**2 + 25*z - 31. Calculate m(11).
2
Let p(a) = a**2 + 11*a + 3. What is p(-11)?
3
Let f(g) = 2*g**2. Give f(-2).
8
Let w(s) = s**3 - 18*s**2 + 20*s - 24. Determine w(17).
27
Let u(q) = 5*q - 128. Calculate u(36).
52
Let r(v) = -13*v + 36. Determine r(2).
10
Let p(l) = 5*l + 113. Give p(-21).
8
Let v(b) = b**2 - 5*b + 4. Give v(7).
18
Let f(z) = z**3 - 7*z**2 - 10*z + 15. What is f(8)?
-1
Let c(i) = i**3 + 7*i**2 - 10*i - 10. Calculate c(-8).
6
Let m(y) = y**2 + 2*y + 5. Calculate m(-3).
8
Let z(d) = 5*d + 2. Determine z(1).
7
Let z(f) = 5*f + 2. Calculate z(-4).
-18
Let y(o) = 21*o - 4. Determine y(-2).
-46
Let p(k) = 35*k - 1997. Determine p(57).
-2
Let v(f) = f**2 - 5*f - 1. Determine v(7).
13
Let w(h) = h + 24. Calculate w(-18).
6
Let x(y) = y**3 - 44*y**2 + 2*y - 83. Determine x(44).
5
Let w(h) = -h**3 - 2*h**2 - 2*h + 9. What is w(2)?
-11
Let c(f) = f**2 + 10*f + 8. Calculate c(-10).
8
Let r(o) = -o**3 - 28*o**2 + 127*o - 26. Calculate r(-32).
6
Let y(u) = -u**3 - 40*u**2 - 78*u - 69. What is y(-38)?
7
Let q(s) = 9*s**2 + 8*s + 6. What is q(-2)?
26
Let t(y) = y**2 + 8*y - 30. Give t(3).
3
Let k(d) = -5*d + 89. What is k(16)?
9
Let u(m) = -m**3 + 9*m**2 + 24*m - 24. Calculate u(11).
-2
Let c(j) = -j**2 + 13*j + 5. What is c(14)?
-9
Let v(o) = o**2 + 28*o - 116. Determine v(-31).
-23
Let q(b) = -b**3 + 7*b**2 - 2*b - 8. Give q(6).
16
Let c(s) = 13*s**3 - s**2 - s + 1. Determine c(1).
12
Let a(n) = n**2 + 4*n + 4. Determine a(-3).
1
Let k(s) = s**3 - 6*s**2 + 6*s - 7. Determine k(4).
-15
Let c(a) = -2*a**2 - 7*a + 6. What is c(4)?
-54
Let y(t) = -t**2 - 12*t - 8. What is y(-9)?
19
Let v(l) = -l**3 - 15*l**2 - 29*l - 25. Give v(-13).
14
Let m(a) = -2*a**2 + 17*a + 61. Determine m(-6).
-113
Let h(x) = x**2 - 4*x - 13. What is h(-2)?
-1
Let r(o) = o**2 - 35*o - 954. What is r(-18)?
0
Let z(a) = a**3 + 10*a**2 + 8*a + 6. What is z(-9)?
15
Let d(t) = 8*t. Give d(-1).
-8
Let f(t) = 3*t**2 + 29*t + 20. Calculate f(-9).
2
Let t(c) = -7*c + 132. Determine t(18).
6
Let x(z) = z**2 + z + 6. Give x(-5).
26
Let p(x) = 3*x - 11. Determine p(5).
4
Let x(j) = -4*j**3 - 2*j**2 - 4*j - 2. What is x(-2)?
30
Let t(l) = 2*l**2 + l - 6. Calculate t(-3).
9
Let o(r) = 10*r - 10. Calculate o(-6).
-70
Let l(g) = -g**3 - 7*g**2 + g + 7. Give l(-7).
0
Let s(n) = -n**2 - 13*n - 6. Calculate s(-13).
-6
Let r(i) = 2*i**3 - 21*i**2 + 13*i - 12. What is r(10)?
18
Let z(v) = v**3 + 3*v**2 + 90*v + 371. What is z(-4)?
-5
Let r(f) = -f**2 - 7*f + 9. Calculate r(-7).
9
Let n(j) = j**3 - 6*j**2 - 8*j + 10. Give n(7).
3
Let b(i) = i**2 - i - 3. Calculate b(4).
9
Let q(h) = 4*h + 14. Calculate q(-7).
-14
Let g(x) = -6*x**2 + 2*x - 2. Calculate g(1).
-6
Let q(t) = -t**3 + 3*t**2 + 7*t - 8. What is q(4)?
4
Let g(j) = -j**3 - 8*j**2 + 5*j - 5. Give g(-8).
-45
Let v(z) = -5*z - 3. Calculate v(-6).
27
Let z(h) = -h**3 - 19*h**2 - 24*h - 59. Determine z(-18).
49
Let b(p) = 4*p + 1. Determine b(-2).
-7
Let f(j) = -j**2 + 6*j - 4. Calculate f(1).
1
Let b(i) = i**3 + 10*i**2 - i + 13. What is b(-10)?
23
Let d(y) = -31*y - 56. Calculate d(-2).
6
Let i(z) = -5*z - 65. Determine i(-13).
0
Let l(h) = -6*h + 135. What is l(24)?
-9
Let n(k) = k**3 - 9*k**2 - 10*k + 2. Calculate n(10).
2
Let y(q) = 4*q + 15. Give y(-4).
-1
Let g(i) = 2*i**3 - 8*i**2 - 3*i + 2. What is g(5)?
37
Let j(y) = -y**2 - 9*y + 16. Determine j(-11).
-6
Let p(y) = -y**3 + 12*y**2 + 12*y + 21. Calculate p(13).
8
Let x(i) = i + 2. Determine x(5).
7
Let v(x) = -x - 3. Give v(3).
-6
Let a(g) = 40*g + 863. Determine a(-22).
-17
Let k(t) = t**2 - 1. What is k(0)?
-1
Let h(g) = g**2 - 6*g - 7. What is h(7)?
0
Let o(z) = 13*z**2 - 8*z + 12. Give o(2).
48
Let i(g) = g**2 + 9*g + 14. Determine i(-8).
6
Let k(v) = v + 20. Give k(-12).
8
Let r(c) = -15*c + 11. What is r(4)?
-49
Let k(y) = -y**3 + 5*y**2 + 4*y - 23. Calculate k(5).
-3
Let k(y) = -y**2 + 4*y + 5. Give k(6).
-7
Let r(x) = -x**3 + 25*x**2 + 185*x + 25. Determine r(31).
-6
Let u(z) = 2*z**2 + 11*z + 14. Determine u(-2).
0
Let k(y) = 3*y**3 - 3*y**2 + 3*y - 4. Determine k(2).
14
Let h(f) = -11*f**2 - 42*f + 8. Calculate h(-4).
0
Let a(d) = -d**3 + 6*d**2 - d + 3. Determine a(6).
-3
Let g(u) = -u**2 + 22*u - 18. Give g(19).
39
Let o(h) = h**3 - 29*h**2 - 35*h + 22. Determine o(30).
-128
Let d(a) = 6*a + 88. Determine d(-14).
4
Let v(a) = 2*a - 70. Give v(19).
-32
Let m(v) = -8*v**2 - 3*v - 2. Determine m(-1).
-7
Let b(d) = d**3 - 15*d**2 + 16*d + 13. Determine b(14).
41
Let y(m) = 3*m**2 - m + 15. What is y(0)?
15
Let m(a) = 3*a**2 - 46*a - 36. Calculate m(16).
-4
Let s(v) = -17*v + 2. Give s(3).
-49
Let q(m) = -m**3 + 9*m**2 - 13*m - 2. Determine q(7).
5
Let s(n) = -9*n - 5. Give s(10).
-95
Let a(v) = 2*v - 31. What is a(14)?
-3
Let x(l) = -l**2 - 5*l - 5. Calculate x(-4).
-1
Let q(w) = w**2 - 4. Calculate q(-4).
12
Let x(j) = -j**3 - 8*j**2 - 10*j - 17. Determine x(-7).
4
Let u(w) = w - 24. Give u(22).
-2
Let f(p) = -5*p**3 - p**2 - 2. Give f(-2).
34
Let m(z) = -5*z + 3. Give m(-3).
18
Let y(v) = v**3 + 10*v**2 - 13*v - 16. Calculate y(-11).
6
Let q(i) = 4*i**2 - 84*i + 78. Give q(20).
-2
Let r(o) = -o + 11. Calculate r(-7).
18
Let x(y) = -y**2 + 21*y - 29. Calculate x(20).
-9
Let y(a) = a + 3. Determine y(-1).
2
Let n(x) = -x**2 - x + 5. Determine n(0).
5
Let b(m) = m**3 - 7*m**2 + 2*m - 98. Determine b(8).
-18
Let k(x) = -14*x + 108. Calculate k(8).
-4
Let o(y) = -y - 26. Determine o(-9).
-17
Let d(i) = -3*i - 74. What is d(-19)?
-17
Let b(t) = 12*t + 29. Determine b(5).
89
Let m(w) = 2*w + 12. Calculate m(-5).
2
Let z(i) = i - 15. Give z(-4).
-19
Let f(s) = s**3 + 12*s**2 + 13*s + 12. What is f(-11)?
-10
Let t(l) = -4*l + 30. Determine t(10).
-10
Let f(d) = d + 1. Give f(-1).
0
Let h(v) = -v**2 + 11*v + 81. What is h(20)?
-99
Let r(y) = y**3 + 34*y**2 + 31*y - 2. Determine r(-33).
64
Let o(h) = 57*h - 285. Determine o(5).
0
Let s(j) = j**3 - 5*j**2 + 5*j - 9. What is s(5)?
16
Let p(t) = 2*t**2 - 52*t + 143. Calculate p(3).
5
Let m(j) = j**2 + 12*j + 9. Calculate m(-12).
9
Let 